{"id":1393,"date":"2025-02-22T15:22:27","date_gmt":"2025-02-22T15:22:27","guid":{"rendered":"https:\/\/eniggmbh.de\/?page_id=1393"},"modified":"2025-11-14T10:42:33","modified_gmt":"2025-11-14T10:42:33","slug":"grundwasserdruckausgleichsventi","status":"publish","type":"page","link":"https:\/\/eniggmbh.de\/?page_id=1393","title":{"rendered":"Grundwasserdruckausgleichsventil \u2013 Druckausgleich &#038; Folienschutz | Enig GmbH"},"content":{"rendered":"\t\t<div data-elementor-type=\"wp-page\" data-elementor-id=\"1393\" class=\"elementor elementor-1393\" data-elementor-post-type=\"page\">\n\t\t\t\t<div class=\"elementor-element elementor-element-7c69ab3 e-flex e-con-boxed e-con e-parent\" data-id=\"7c69ab3\" data-element_type=\"container\" data-settings=\"{&quot;background_background&quot;:&quot;gradient&quot;}\">\n\t\t\t\t\t<div class=\"e-con-inner\">\n\t\t\t\t<div class=\"elementor-element elementor-element-fac94d1 elementor-widget elementor-widget-menu-anchor\" data-id=\"fac94d1\" data-element_type=\"widget\" data-widget_type=\"menu-anchor.default\">\n\t\t\t\t<div class=\"elementor-widget-container\">\n\t\t\t\t\t\t\t<div class=\"elementor-menu-anchor\" id=\"start\"><\/div>\n\t\t\t\t\t\t<\/div>\n\t\t\t\t<\/div>\n\t\t\t\t<div class=\"elementor-element elementor-element-21eeedf elementor-widget elementor-widget-image\" data-id=\"21eeedf\" data-element_type=\"widget\" data-widget_type=\"image.default\">\n\t\t\t\t<div class=\"elementor-widget-container\">\n\t\t\t\t\t\t\t\t\t\t\t\t\t\t\t<img decoding=\"async\" width=\"259\" height=\"178\" src=\"https:\/\/eniggmbh.de\/wp-content\/uploads\/2024\/12\/Enig-Website-Wir-bauen-mit-an-der-Zukunft.-4.png\" class=\"attachment-large size-large wp-image-119\" alt=\"\" \/>\t\t\t\t\t\t\t\t\t\t\t\t\t\t\t<\/div>\n\t\t\t\t<\/div>\n\t\t\t\t<div class=\"elementor-element elementor-element-05b248b elementor-widget elementor-widget-heading\" data-id=\"05b248b\" data-element_type=\"widget\" data-widget_type=\"heading.default\">\n\t\t\t\t<div class=\"elementor-widget-container\">\n\t\t\t\t\t<h2 class=\"elementor-heading-title elementor-size-default\">Grundwasserdruckausgleichsventil \u2013 <\/br>Innovative L\u00f6sung von der Enig GmbH<\/h2>\t\t\t\t<\/div>\n\t\t\t\t<\/div>\n\t\t<div class=\"elementor-element elementor-element-2b2cb31 e-con-full e-flex e-con e-child\" data-id=\"2b2cb31\" data-element_type=\"container\">\n\t\t\t\t<div class=\"elementor-element elementor-element-7b607f0 elementor-widget elementor-widget-image\" data-id=\"7b607f0\" data-element_type=\"widget\" data-widget_type=\"image.default\">\n\t\t\t\t<div class=\"elementor-widget-container\">\n\t\t\t\t\t\t\t\t\t\t\t\t\t\t\t<img fetchpriority=\"high\" decoding=\"async\" width=\"1920\" height=\"1080\" src=\"https:\/\/eniggmbh.de\/wp-content\/uploads\/2025\/11\/enig-GmbH-Grundwasserdruackausglecihsventil.png\" class=\"attachment-full size-full wp-image-1521\" alt=\"\" srcset=\"https:\/\/eniggmbh.de\/wp-content\/uploads\/2025\/11\/enig-GmbH-Grundwasserdruackausglecihsventil.png 1920w, https:\/\/eniggmbh.de\/wp-content\/uploads\/2025\/11\/enig-GmbH-Grundwasserdruackausglecihsventil-300x169.png 300w, https:\/\/eniggmbh.de\/wp-content\/uploads\/2025\/11\/enig-GmbH-Grundwasserdruackausglecihsventil-1024x576.png 1024w, https:\/\/eniggmbh.de\/wp-content\/uploads\/2025\/11\/enig-GmbH-Grundwasserdruackausglecihsventil-768x432.png 768w, https:\/\/eniggmbh.de\/wp-content\/uploads\/2025\/11\/enig-GmbH-Grundwasserdruackausglecihsventil-1536x864.png 1536w\" sizes=\"(max-width: 1920px) 100vw, 1920px\" \/>\t\t\t\t\t\t\t\t\t\t\t\t\t\t\t<\/div>\n\t\t\t\t<\/div>\n\t\t\t\t<\/div>\n\t\t\t\t<div class=\"elementor-element elementor-element-c67c45c elementor-widget elementor-widget-text-editor\" data-id=\"c67c45c\" data-element_type=\"widget\" data-widget_type=\"text-editor.default\">\n\t\t\t\t<div class=\"elementor-widget-container\">\n\t\t\t\t\t\t\t\t\t<h3 style=\"text-align: center;\" data-start=\"67\" data-end=\"141\"><strong data-start=\"71\" data-end=\"139\">Effektiver Schutz f\u00fcr dichtfoliengedichtete R\u00fcckhaltebecken bei schwankenden Grundwasserst\u00e4nden<\/strong><\/h3><p data-start=\"143\" data-end=\"597\">Das von der <b>Enig GmbH<\/b> entwickelte <b>Grundwasserdruckausgleichsventil <\/b>sch\u00fctzt R\u00fcckhaltebecken mit Dichtfolien zuverl\u00e4ssig vor Sch\u00e4den durch steigenden <b>Grundwasserdruck<\/b>.<br \/>Bei leeren oder teilweise gef\u00fcllten Becken kann aufsteigendes Grundwasser die Dichtfolie anheben und besch\u00e4digen \u2013 das Ventil verhindert dies effektiv und sorgt f\u00fcr einen <b>sicheren, dauerhaften Betrieb.<br \/><\/b><\/p><h3 data-start=\"599\" data-end=\"633\">\u00a0<\/h3><h3 data-start=\"599\" data-end=\"633\"><strong data-start=\"603\" data-end=\"631\">Funktionsweise<\/strong><\/h3><p>Das Ventil wird direkt in die Horizontaldichtungsfolie integriert und verbindet den Grundwasserraum kontrolliert mit dem R\u00fcckhalteraum.<\/p><ul><li>\u00a0Steigender Grundwasserspiegel: Das Ventil \u00f6ffnet automatisch, l\u00e4sst Grundwasser einstr\u00f6men und gleicht den Druck aus.<\/li><li>Sinkender Grundwasserspiegel: Es schlie\u00dft selbstt\u00e4tig und verhindert, dass Fl\u00fcssigkeiten aus dem R\u00fcckhalteraum in das Grundwasser zur\u00fcckgelangen.<\/li><\/ul><p>Der Mechanismus basiert auf einem schwerkraftgesteuerten R\u00fcckschlagventil, das zuverl\u00e4ssig auf Druck\u00e4nderungen reagiert \u2013 ohne externe Energieversorgung.<\/p><p>Optional ist ein Reinwasseranschluss erh\u00e4ltlich, der zwei Zusatzfunktionen erm\u00f6glicht:<\/p><ul><li>Filterregeneration durch Sp\u00fclung mit sauberem Wasser<\/li><li>Kontrollierte Reinwasserbef\u00fcllung, um h\u00f6chste Sicherheit bei sensiblen Medien zu gew\u00e4hrleisten<\/li><\/ul><h3>\u00a0<\/h3><h3>Vorteile des Enig-Grundwasserdruckausgleichsventils<\/h3><ul><li>Automatische Druckkompensation \u2013 reagiert selbstt\u00e4tig auf Grundwasserschwankungen<\/li><li>Maximaler Schutz der Dichtfolie \u2013 verhindert Auftrieb, Verformung und Besch\u00e4digung<\/li><li>Kein R\u00fcckfluss \u2013 sch\u00fctzt das Grundwasser vor Verunreinigungen<\/li><li>Einfache Nachr\u00fcstung \u2013 ideal auch f\u00fcr bestehende Becken<\/li><li>wartungsarm, robust und kosteneffizient<\/li><\/ul>\t\t\t\t\t\t\t\t<\/div>\n\t\t\t\t<\/div>\n\t\t\t\t\t<\/div>\n\t\t\t\t<\/div>\n\t\t<div class=\"elementor-element elementor-element-30f64aa e-flex e-con-boxed e-con e-parent\" data-id=\"30f64aa\" data-element_type=\"container\">\n\t\t\t\t\t<div class=\"e-con-inner\">\n\t\t<div class=\"elementor-element elementor-element-beef05d e-con-full e-flex e-con e-child\" data-id=\"beef05d\" data-element_type=\"container\">\n\t\t\t\t<\/div>\n\t\t<div class=\"elementor-element elementor-element-c62afc9 e-con-full e-flex e-con e-child\" data-id=\"c62afc9\" data-element_type=\"container\">\n\t\t\t\t<\/div>\n\t\t\t\t\t<\/div>\n\t\t\t\t<\/div>\n\t\t\t\t<\/div>\n\t\t","protected":false},"excerpt":{"rendered":"<p>Grundwasserdruckausgleichsventil \u2013 Innovative L\u00f6sung von der Enig GmbH Effektiver Schutz f\u00fcr dichtfoliengedichtete R\u00fcckhaltebecken bei schwankenden Grundwasserst\u00e4nden Das von der Enig GmbH entwickelte Grundwasserdruckausgleichsventil sch\u00fctzt R\u00fcckhaltebecken mit Dichtfolien zuverl\u00e4ssig vor Sch\u00e4den durch steigenden Grundwasserdruck.Bei leeren oder teilweise gef\u00fcllten Becken kann aufsteigendes Grundwasser die Dichtfolie anheben und besch\u00e4digen \u2013 das Ventil verhindert dies effektiv und sorgt f\u00fcr [&hellip;]<\/p>\n","protected":false},"author":2,"featured_media":0,"parent":0,"menu_order":0,"comment_status":"closed","ping_status":"closed","template":"","meta":{"inline_featured_image":false,"footnotes":""},"class_list":["post-1393","page","type-page","status-publish","hentry"],"_links":{"self":[{"href":"https:\/\/eniggmbh.de\/index.php?rest_route=\/wp\/v2\/pages\/1393","targetHints":{"allow":["GET"]}}],"collection":[{"href":"https:\/\/eniggmbh.de\/index.php?rest_route=\/wp\/v2\/pages"}],"about":[{"href":"https:\/\/eniggmbh.de\/index.php?rest_route=\/wp\/v2\/types\/page"}],"author":[{"embeddable":true,"href":"https:\/\/eniggmbh.de\/index.php?rest_route=\/wp\/v2\/users\/2"}],"replies":[{"embeddable":true,"href":"https:\/\/eniggmbh.de\/index.php?rest_route=%2Fwp%2Fv2%2Fcomments&post=1393"}],"version-history":[{"count":19,"href":"https:\/\/eniggmbh.de\/index.php?rest_route=\/wp\/v2\/pages\/1393\/revisions"}],"predecessor-version":[{"id":1533,"href":"https:\/\/eniggmbh.de\/index.php?rest_route=\/wp\/v2\/pages\/1393\/revisions\/1533"}],"wp:attachment":[{"href":"https:\/\/eniggmbh.de\/index.php?rest_route=%2Fwp%2Fv2%2Fmedia&parent=1393"}],"curies":[{"name":"wp","href":"https:\/\/api.w.org\/{rel}","templated":true}]}}